 Let l = 7 + q. Is l prime?
False
Suppose -3*r - 16 = -3*w - 7*r, w = -4*r + 16. Let b = 0 - w. Suppose -u = -2*i - 15, 5*u - 5*i + 2*i - 110 = b. Is u composite?
True
Let y(l) = -l**2 + 9*l + 2. Let o be y(9). Suppose o*z - 5*z + 465 = 0. Is z prime?
False
Suppose 2*r + 2 = 3*z + 304, r - 3*z - 145 = 0. Is r a composite number?
False
Let g(y) = -y**2 + 8*y - 5. Let j be g(7). Let x(p) = 4 + j*p**3 + 2*p**2 - 9*p**3 - p - 5. Is x(-2) a composite number?
True
Suppose 5*i - w + 311 = 0, 75 = -i - w - 2*w. Is 2/7 + (-3699)/i a composite number?
False
Suppose 0*h + 6 = 2*h. Suppose -11 = -4*u - h. Suppose -4*d + u*d + 38 = 0. Is d a prime number?
True
Let c be (-6)/4*12/(-9). Suppose c*x = 3*x - 85. Is x composite?
True
Let p = -4 + 4. Suppose 69 = 2*r + r + 3*g, r + 2*g - 23 = p. Is r a composite number?
False
Suppose 0 = 2*s - 0*s. Suppose s = 4*j - 23 - 1. Suppose -j*n + 67 = -n - 3*o, 9 = -n - 5*o. Is n a composite number?
False
Suppose p - 3*l = -0*p + 128, 4*l = 3*p - 404. Let m be -71 - (-2 - (-2 + 0)). Let s = p - m. Is s composite?
False
Suppose -225 = -5*r + 50. Is r composite?
True
Is 1*3/9 - 146/(-3) prime?
False
Let g(y) = 43*y - 6. Let s(n) = 87*n - 10. Let d(l) = 87*l - 9. Let a(q) = 3*d(q) - 4*s(q). Let r(h) = 3*a(h) + 7*g(h). Is r(2) composite?
True
Let m(q) = -q**2 + 3*q + 3. Let p be m(3). Suppose -p*i + 121 = 4*n, -5*i + 4*n + 54 = -169. Is i a prime number?
True
Let f(h) = -7*h - 33. Let d(y) = -y. Let w(v) = 6*d(v) - f(v). Is w(0) a composite number?
True
Is 8*1/(-2) - -170 a composite number?
True
Suppose 2*l - 7 = 3. Suppose -4*i = -2*i - 4. Suppose -4*n + r = -129, i*r + 159 = l*n - 0*r. Is n a composite number?
True
Suppose -2*v + 4*v + 24 = 5*g, 4*v - 12 = -5*g. Let t be (-1)/v - 195/(-6). Suppose -2*n = 4*o - 103 + t, -5*n + 4 = o. Is o a prime number?
True
Let j = -10 - -389. Is j a prime number?
True
Suppose 0*k = 2*k + 530. Let x = -150 - k. Is x prime?
False
Let c(h) = -3*h. Let b be c(-6). Suppose 2*a + 2*w = b, 3*a + 1 = 3*w + w. Suppose -24 - 16 = -a*y - 5*o, 4*y - 4*o - 56 = 0. Is y composite?
False
Suppose -2*c = -0*c + 316. Is 9/(-3) - c/1 a prime number?
False
Let q be ((-8)/(-6))/((-4)/6). Let o = q + 523. Is o composite?
False
Let f(o) = 2*o**2 - 7*o - 2. Suppose a + 6 = 3*i, -5*a + 0*i = -3*i - 18. Let w be f(a). Let d = -7 + w. Is d a composite number?
True
Suppose -3*s + s = 4. Is -4 + 73 + s + 0 a composite number?
False
Let x(l) = l**3 - 14*l**2 + 8*l - 21. Suppose -90 = k - 6*k + 5*t, 12 = -3*t. Is x(k) a composite number?
True
Let g(c) = -c**2 - c + 1. Let h(a) = -2*a**2 + 5*a - 6. Let j(w) = -g(w) - h(w). Let o be j(-4). Let n = -26 + o. Is n a prime number?
True
Suppose 2*w = -4*l + 316, w = l - 32 - 47. Is l composite?
False
Let i(m) = m**2 + 6*m + 7. Let v be i(-6). Suppose v*r - r = 1842. Is r composite?
False
Suppose 4*w + 198 - 60 = 2*i, 0 = 3*i - 2*w - 223. Is i a composite number?
True
Let n = -30 - -40. Is n a composite number?
True
Let h(o) = 25*o**2. Let j(d) = -175*d**2. Let y(s) = -20*h(s) - 3*j(s). Is y(-1) a composite number?
True
Let d(j) = 3*j + 1 - 2 - 5*j. Let o be d(-2). Is o/(-6) + 75/2 prime?
True
Suppose -h - 4*z = -46, -5*z = -2*h + 5*h - 117. Suppose -l = -2*l + h. Is l composite?
True
Suppose 1 - 4 = -y. Suppose -3*k + 6*k = y. Is k*(3 - (2 + -2)) a composite number?
False
Suppose 0*b = 2*b - 170. Is b composite?
True
Suppose 2*a = 4*m + 26, -35 = 5*a - 10*a + 4*m. Suppose a*c - 4*z = 5, 3*c = -5*z - 19 - 21. Is 5/25 - 394/c a composite number?
False
Let d = -151 + -58. Let p = 313 + d. Let g = -45 + p. Is g prime?
True
Let a = 14 - -120. Is a composite?
True
Let w(q) = q**2 + 2*q - 3. Let o(m) = -3*m**2 - 6*m + 9. Let x(b) = 6*o(b) + 17*w(b). Is x(0) a prime number?
True
Let k = 232 + -102. Suppose 665 = 5*m - k. Is m a composite number?
True
Let w(p) = -p**3 - 6*p**2 - 5*p + 2. Let r be w(-5). Let j be 3*2/6 + r. Suppose -b + 92 = j*b. Is b a prime number?
True
Let u = 16 - 10. Suppose -3*p - u + 27 = 3*w, 19 = w + 5*p. Suppose w*o + 31 = g, -3*g + 65 = o + o. Is g a prime number?
True
Let w(i) = i**2 - i - 13. Let a be w(13). Suppose 0 = -0*p - p + a. Is p composite?
True
Is 19404/52 + 4/(-26) a prime number?
True
Let i(q) be the second derivative of -1/2*q**3 + 1/20*q**5 - 5*q**2 - q + 0 + 2/3*q**4. Is i(-8) a prime number?
False
Suppose 0 = -5*r + 4*r + 293. Is r composite?
False
Suppose -3*t = -3 - 6. Let n be t + 0*(-3)/(-6). Suppose -y + 104 = n*y. Is y composite?
True
Let t = -3 - 0. Is -1 + 123*(-4)/t prime?
True
Suppose 4*j = -2*a + 2, -4*j - j + 22 = -4*a. Suppose -i + 0*i + 43 = j*h, -h = -3*i + 164. Is i prime?
True
Let p = -4 - -6. Suppose -3*t = -p*t - 35. Is t a composite number?
True
Suppose -4*s = -h + 5283, 15917 = -h + 4*h + 5*s. Is h composite?
True
Suppose 171 - 589 = -2*p. Is p composite?
True
Suppose 5 + 20 = -5*u, -2*f - 3*u - 11 = 0. Is (-164)/(-12) - f/3 a prime number?
True
Let b(l) = -l**3 + 2*l**2 + 3*l - 5. Let r be b(6). Let f = 31 - r. Suppose -w = -16 - f. Is w composite?
True
Suppose -4*r = -l + 3 + 35, -r - 3*l - 3 = 0. Let n(o) = -o**3 - 10*o**2 - 14*o - 11. Is n(r) a prime number?
False
Suppose g - 4*g + 6 = 0. Suppose -454 = -2*u + 2*t, g*t + 466 = 2*u - 3*t. Is u a prime number?
True
Let k = -70 + 42. Let w = k - -42. Is w*3*22/12 composite?
True
Suppose 2036 = 7*c - 2381. Is c prime?
True
Let h be (-7 + 3)/(2/(-21)). Suppose 2*g = -0*g + 158. Let z = g - h. Is z a composite number?
False
Let x(j) = -j**2 + 14*j - 4. Let w be x(14). Is (0 - -2)/(w/(-38)) prime?
True
Let c = -130 - -293. Is c prime?
True
Suppose 35 - 349 = -2*b. Is b a prime number?
True
Let i(f) = -12*f + 14. Let l(k) = -4*k + 5. Let p(y) = 3*i(y) - 8*l(y). Is p(-1) a prime number?
False
Let u be (-75 + (3 - 1))*-1. Suppose 0 = 4*z + 3*i + 1 - 19, 4*i = 5*z - 7. Suppose z*q + u = 3*y + q, -y = q - 16. Is y composite?
True
Let p = 7 + -13. Is (4/(-6))/(p/1143) composite?
False
Let h(c) = -c**3 - 5*c**2 + 6*c + 3. Let u be h(-6). Suppose 1837 = 4*v + u*m + 197, 2*v = -3*m + 826. Is v a composite number?
True
Suppose b + 4 = -3*b. Let g be b + -1 + 1*4. Suppose -5*h + 74 = -g*h - 5*y, 3*h - 2*y - 89 = 0. Is h composite?
True
Let u be 1 - (-6)/((-6)/(-2)). Suppose 4*l - 5*h = -546, -5*l + 0*h = -u*h + 676. Let x = -85 - l. Is x a composite number?
True
Let c be 3*((-12)/9 + 1). Is (c/(-2))/(4/536) a composite number?
False
Is -3 + 540 + 1 + 3 composite?
False
Let y = 5 - 0. Suppose 430 = -y*i + 10*i. Is i a composite number?
True
Suppose b = -2*o + 2, -9 = -2*b + 3*o + 30. Suppose p - 2 = -1, -b = -5*l + 3*p. Suppose 255 = -l*u + 8*u. Is u prime?
False
Let z be 112/12 - (-6)/9. Suppose 5*r = z, 5*v + 2*r - 3*r = 288. Is v a composite number?
True
Suppose 3*g - 3*s = 2232, -4*s + 741 - 4460 = -5*g. Is g prime?
True
Let w = 25 + -73. Let a = w - -69. Is a a composite number?
True
Let h(f) = -2*f - 2*f + 2*f - 3*f**2 + 19 + 7*f**2. Is h(15) a composite number?
True
Suppose -5*b = -b - 40. Let w be 5304/20 - 2/b. Suppose 2*v = 7*v - w. Is v prime?
True
Let w be (-5)/(-25) + (-2169)/(-5). Suppose 3*a = -z + 205 - 63, -3*z = a - w. Is z a prime number?
False
Suppose -3*h - 1740 = -3*g, 4*h = 5*g + 2*h - 2891. Is g composite?
False
Suppose 2*q - 26 = 14. Suppose 0 = -3*z - z + q. Suppose -3*c + z*m + 97 = 25, -c = 3*m - 10. Is c composite?
False
Let x(w) = -w**2 + 7*w - 7. Let v be x(5). Suppose -v*a + 15 = -3. Is a a composite number?
True
Suppose -4*a - 8 = 0, 3*c - 936 + 33 = 3*a. Is c a prime number?
False
Let d(r) = 189*r**2 - r - 3. Is d(2) a composite number?
False
Let f(c) = 121*c**2 - 2*c - 1. Let u be f(-1). Let z = u - 214. Let x = z - -139. Is x a prime number?
True
Let d(a) = -a**3 + 3*a**2 + 5*a + 1. Let o be d(4). Let q(f) = f**2 + 1. Is q(o) prime?
False
Let s(y) = -y**3 - 5*y**2 + 6*y + 2. Let p be s(-6). Suppose 100 - 13 = -p*q - 5*d, 5*q + 227 = -3*d. Is (0 + -3)*q/3 a prime number?
False
Suppose -2*s + 3*c - 129 = 0, 4*s + 102 + 135 = -c. Let y = s + 128. Suppose -6 = -2*b + y. Is b composite?
False
Let o be -6*(0 - 3/6). Suppose -4*x = o*d - 82, 0*d + 52 = 2*x - 4*d. Is x composite?
True
Let d(l) = l + 3*l**2 - 2*l - 1 - 2*l**2. Suppose 26 = -5*w + 6. Is d(w) a composite number?
False
Suppose o + 0 = 2. Suppose 8 = -2*z + o. Is (1*z)/(4/(-76)) prime?
F